3 - -1)).
-10
What is 19 + -2 + -55 + 47?
9
Evaluate 3 + (14 + -30 - -7).
-6
Evaluate (2 + 9 + -7 + 2 - 6) + -1.
-1
What is -5 + -8 + (1 - -4) + 0 + 16?
8
(34 - 52) + 17 + 0
-1
Evaluate (27 - 13) + 5 - 19.
0
Evaluate (2 + 0 - 0 - 1) + 161 + -159.
3
(1 - -1) + (0 + -1 - (125 - 107))
-17
What is the value of -4 - (0 + 5 + -9 + 12)?
-12
Calculate -9 - (-4 - -25 - 27).
-3
What is the value of (13 + -8 - 6) + -5?
-6
What is the value of (19 - 23) + (-2 + 4 - 0)?
-2
Evaluate (-12 - -9 - 21) + 13 + 3.
-8
(-3 - 4) + -3 + 5 + 2 + 17
14
What is 3 + (-7 - -18 - 15)?
-1
8 - 11 - 1 - (4 - 3)
-5
What is the value of 8 + 5 + -4 - 9?
0
What is the value of -2 + -12 - (-5 + -39 + 16)?
14
0 + -78 + 28 + 25
-25
Evaluate -15 + (13 - 0) + -10 + 20.
8
Calculate -1 + -1 + 2 - (-164 - -154).
10
(-2 - -4) + -3 - (72 + -73)
0
Evaluate (-8 - -12) + -1 - -3 - 1.
5
Evaluate 47 - 42 - (1 - -11).
-7
-2 + 11 + -19 + 20 + (-19 - 2)
-11
Calculate -3 + (1 - -4) + 3 + 4 + 1.
10
-5 + 16 + -1 - -2
12
-24 + 12 + -7 + 11 + 30
22
-79 - -84 - (-12 + 1) - (4 + -2)
14
Evaluate -15 + (-4 - -9 - 1).
-11
8 - 0 - (15 + -19)
12
What is 4 + 0 + 1 - (6 - 4)?
3
Evaluate (-43 - 5) + 14 + 8.
-26
Evaluate 5 + -6 + (2 - -4) - (-24 - -31).
-2
What is -5 - 2 - (15 + -9 - (-1 + -3))?
-17
What is the value of 2 - (-7 - -2 - -21)?
-14
What is the value of -5 + -1 + -6 + 3?
-9
Evaluate -55 + 41 + 19 + 10.
15
-11 - -3 - ((7 - 3) + -4 + -5)
-3
What is the value of (-29 - -3) + (38 - 42) - 1?
-31
Evaluate 51 + -62 + (25 - 0).
14
2 + (20 - 24) + -18
-20
Evaluate -6 + -16 + 61 + -23.
16
What is the value of -2 + 10 - ((3 - 1) + (-8 - 2))?
16
What is the value of (14 - 27) + (8 - 1) + (0 - 9)?
-15
Evaluate -8 + (-1 - -3) - (-4 + 12 + -4).
-10
Evaluate -12 + 9 + 10 + -13 + 10.
4
0 + 5 + -34 + 7 + 17
-5
4 - ((-27 - -16 - (-13 - 1)) + 6)
-5
What is 2 + 7 + (-307 - -296)?
-2
Calculate ((-6 - (10 - 24)) + -8 - 10) + 44.
34
What is 32 + (32 - 46) + 9?
27
-22 - (52 + -21 + -28)
-25
-2 - (3 - (2 + -5 + 13))
5
Calculate 11 - (41 + -24 + -1).
-5
Evaluate -1443 + 1441 - (-1 + 5 + 1).
-7
0 + -17 - (-70 - -62)
-9
What is the value of -67 - 1 - (-174 + 158) - -16?
-36
What is the value of (5 - -1) + (-11 - -13) - 11?
-3
What is the value of -12 + 1 - (-23 + (-39 - -55))?
-4
7 - (-1 + -9 + 8 + 6)
3
Calculate -62 - -56 - (4 - -8) - -42.
24
What is the value of -9 + -7 + (-7 - -8) + (-11 - -37)?
11
Calculate (30 - 50 - -11 - (-16 + -1)) + -12.
-4
What is the value of -3 - 3 - (29 - 11 - 8)?
-16
What is the value of (-1 - 1) + (22 - (21 - 5))?
4
Calculate -36 + (-11 + -13 - -24).
-36
(-40 - -44) + (2 - (7 - (3 + -3)))
-1
Evaluate (-5 + 7 - 5) + (-3 - 7) + 12.
-1
What is the value of 23 + -21 - (1 + 5)?
-4
What is the value of -6 + 7 + 3 + (8 - 15)?
-3
1 + -5 + -53 + 58
1
What is the value of -4 - (-3 + -5 - (-4 - -2))?
2
What is the value of (1 - -6) + 22 + -37?
-8
10 - (11 - (7 - 16))
-10
What is the value of -11 + (-15 - 0 - (39 + -46))?
-19
Evaluate (-4 - -1 - -6 - (-2 - -7)) + -14.
-16
-45 - (-16 + 10 + -21)
-18
Calculate (1 - (7 - 10 - 4 - -10)) + -7.
-9
Calculate 3 + 7 + -15 + 2 + -8.
-11
What is -2 - (22 + -74 + 15)?
35
What is the value of -6 - (-8 + -22 + 1 + 5)?
18
(24 - 43) + 16 - (2 + 11 - -1)
-17
What is 0 + 3 - 0 - (-176 - -174)?
5
-13 + (17 - -5) + -30 - (-1 - -6)
-26
What is (-11 - (-17 + 1)) + -18?
-13
2 + -14 - (-1 + -12)
1
What is -32 + (39 - 63 - -40)?
-16
15 - (-15 + 25 + -9)
14
Evaluate (-4 - -3) + 3 - 26.
-24
Evaluate 20 - (13 + -21) - 42.
-14
Calculate 0 + 2 - 8 - (-50 + -66 + 101).
9
25 - (35 + -15) - 18
-13
What is -4 + 9 + -4 - 0 - (-10 - 7)?
18
Evaluate (-3 + 4 - (-4 + 7)) + 5 + 21.
24
17 + 2 + (9 - 20) + 2
10
What is the value of 598 + -603 + -21 + -1?
-27
31 + (-93 - -65) + (-1 - -22)
24
-1 + 9 + 9 + 1 + -28 + 32
22
What is (-5 - (-27 + 7)) + 15 + -3 + -20?
7
Evaluate 49 + -14 + 2 + -9 + -4.
24
Evaluate -1 + (10 + (-5 - (-7 + 5)) - -3).
9
Evaluate -1 + (-9 - -13) + 0 + 5 + -1.
7
Calculate -4 - (2 + -2 + -15) - 19.
-8
Calculate 4 + (10 - (11 + -2) - 3) + 10.
12
Calculate 1 + -16 + -1 + (-3 - -13).
-6
What is the value of 12 - (-12 + -8 + 33)?
-1
What is 15 + (-41 - (-27 - -16)) + 5?
-10
What is the value of 6 - (-12 + (-8 - -9 - (0 + -7)))?
10
What is the value of -11 - (3 - 8 - (0 - 8))?
-14
Evaluate (-15 - (-15 + 11)) + 17.
6
What is the value of -1 + (-1 - (1 - 6)) + (68 - 59)?
12
Calculate -11 + 11 + (-2 - (1 + 4 + -1)).
-6
What is 4 + (1 - (0 + 4)) + 111 + -110?
2
9 + 2 + 12 + 26 + -44
5
Evaluate -9 - (-50 - (6 - (-2 + 17))).
32
-4 + (-43 - -44) + (24 - -1)
22
Evaluate -2 - (31 - (47 - 26)).
-12
What is (86 - 94) + (-7 - -1)?
-14
What is -13 + (-1 - -6) + 5?
-3
Calculate 3 - (27 + -11 + -2).
-11
(-5 + 15 - 4) + -6 - -5 - 18
-13
What is the value of 6 + -1 - (0 + -2) - (76 - 73)?
4
Evaluate 4 + 3 + -4 + (-121 - -114).
-4
Calculate 17 + -14 + -8 + 15 + 7.
17
What is 64 + -44 - (2 - -35)?
-17
Calculate -8 + 12 + (-32 - -16).
-12
Calculate -9 - (2 - 5) - -12.
6
Calculate 8 + (-5 + 5 - -1 - 15) + 8.
2
What is (-39 - (-31 + -6)) + -3?
-5
What is the value of 9 + (22 - 17) + (1 - -3)?
18
-2 + 6 + (4 - -13) + (-3 - 42)
-24
Calculate 5 - -4 - (-36 + 48).
-3
Evaluate -5 + 0 + -176 + 184.
3
What is 6 - (44 + (-17 - 19))?
-2
Evaluate 0 + (0 + -5 + 4 - -4).
3
Calculate -1 + -1 + 8 - (-93 + 87).
12
Calculate 16 + -21 + 1 + (2 - 9).
-11
Evaluate (1 - -1) + (-32 - (-28 + 14)).
-16
((2 - -1) + -24 + 10 - -1) + -5
-15
6 + 5 + (-7 - 7 - -4)
1
Calculate -12 + (-3 + (-1 - -1) - -9) - 13.
-19
Evaluate (30 + -24 - 15) + 32.
23
15 + -23 - (15 + -6 + -5)
-12
Calculate (3 - (-8 + 2)) + 16 + -36 + -18.
-29
What is 0 + 0 + -6 + -139 + 143?
-2
What is the value of 1 - (7 + (-25 - -7))?
12
What is -10 + (-7 - 2) + (1 - -14)?
-4
Calculate 6 - 8 - (20 + -4 + (1 - 1)).
-18
Evaluate (-3 + 5 - 5) + 3 + -2 + 5.
3
Calculate ((-7 - 3) + -4 - -3) + 4 + -5.
-12
Evaluate 17 + -17 + (-7 - (0 + 5)).
-12
4 + (-50 - -26) - (-2 + 4)
-22
-17 + (25 + -8 - 5)
-5
What is the value of 9 + -22 + 1 - -4?
-8
Calculate -13 + (-26 - -11 - -39).
11
What is the value of (0 - (-9 + 8) - 18) + 0?
-17
23 + 2 + (128 - 154)
-1
What is the value of -47 - -33 - -6 - (-7 - (0 + 0))?
-1
What is (1 - 3) + (-1 + 3 - (-2 + 0))?
2
What is 2 - 0 - -2 - (17 + (14 - 21))?
-6
Calculate (14 - 3) + 0 + (-3 - 7) - 11.
-10
What is (-1 - 0 - 0) + (90 - 93)?
-4
Evaluate (8 - (-1 - (-10 + 4))) + (5 - 2).
6
(65 - 59 - (2 - 5)) + -20
-11
Evaluate 8 + 2 + (-9 - (-11 - (-10 - -3))).
5
12 + (-11 - (10 - 12))
3
Evaluate -21 + 3 + -18 + 20.
-16
(-28 - (-106 - -32)) + -25
21
Calculate (-3 - (5 + -6 + -1)) + (1 - -1).
1
What is 8 - 0 - (-204 - -202)?
10
What is the value of 10 + (5 + -27 - -6)?
-6
(-28 - -36) + -15 + 4
-3
What is 10 + (-7 - (-10 + 9)) - 8?
-4
Calculate -11 + 7 + ((1 - 7) + 12 - 17).
-15
-9 + -5 + 40 + 8 + -6
28
What is the value of -20 + 6 + (-11 - -19)?
-6
Evaluate (77 - 71) + -2 + 3 + 0.
7
Calculate 0 + (-1 - 0) + -251 + 267.
15
What is -8 + (6 + 4 - -3)?
5
What is 9 + 31 + -62 + 14?
-8
-7 - (5 + 2 + -4 + 10) - -5
-15
Evaluate -10 + -6 + 12 + (-1 - -8) - 0.
3
Evaluate -60 + 39 + (1 - -5) - -1.
-14
Calculate 10 - (-5 + 8 + -5) - (-5 + 4).
13
Calculate 1 + -3 + (-8 - (-16 + -17 + 16)).
7
What is the value of 9 + 6 + 4 + -14?
5
4 + 2 + -12 + -20 + 12
-14
Calculate 10 - (4 + (-10 - (3 + -14 + 1))).
6
What is (8 - (-24 - -6)) + -17?
9
(5 - (1 + -4 - -7 - 5)) + 6
12
Calculate (8 + 11 - 11) + 2.
10
What is -11 - ((1 - 1) + -3)?
-8
1 + (-6 - ((-4 - 4) + -5)) - 12
-4
Evaluate 13 + 8 + -28 + 24.
17
Evaluate 5 + -29 + (13 - (5 - 4)) + 1.
-11
Calculate 6 - (-24 + 7 - -26 - (3 + 0)).
0
Evaluate 33 - ((32 - 62) + 89).
-26
What is (-13 - 0) + 6 - (3 + -4)?
-6
What is the value of (-3 - -4 - (2 + -2 - 4)) + 14?
19
What is the value of -6 - (0 - 6) - (-5 - 18)?
23
What is the value of 8 - (8 + -36 - -20)?
16
20 + -9 - 11 - (3 - 1 - 2)
0
What is the value of 5 + -22 + (2 - -9) - (0 + -32)?
26
Evaluate 9 - (2 + -1) - -9.
17
What is (-45 - -5) + 95 + -30?
25
Calculate 3 + (-4 - (0 - 0)) + -37 + 27.
-11
Calculate (4 - (6 - 10)) + -10 + (1 - -6).
5
What is -6 + (8 - 3) + -2 + 5 + -18?
-16
Calculate -9 + 6 + (-9 - -10) - (-16 - 2).
16
What is -1 + -29 + -309 + 316?
-23
-397 + 423 - (-3 - -3)
26
-1 + 4 + -11 - (-29 - -16)
5
What is -56 + 77 + (0 - 2)?
19
Calculate -19 + (23 - 13 - 6)